5*s = 4*r - 23 - 38, n = r + 4*s - 10. What are the prime factors of r?
2, 7
Let i = -183 + 274. List the prime factors of i.
7, 13
Let z(u) = -u**3 + 14*u**2 + 7*u - 19. What are the prime factors of z(14)?
79
Suppose 0 = -2*t - 3*k + 16, k + 2 = t - 1. Let b be 1/t - 24/(-5). Suppose 2*r + 4*d - 32 = 0, 3*r - b*d = 2*r - 19. What are the prime factors of r?
2, 3
Suppose s + 2*f = 46 + 23, -s + 81 = -4*f. List the prime factors of s.
73
Suppose -z - 2*j = -7 - 30, -148 = -4*z + 2*j. List the prime factors of z.
37
List the prime factors of (24/(-10))/((-15)/400).
2
Let a(y) = -y**3 + 11*y**2 - 13*y + 23. What are the prime factors of a(8)?
3, 37
Let o be ((-6)/2)/(-3) + 1. What are the prime factors of -27*o/(-6)*1?
3
Let l = -2 + -3. Let v = l - -14. What are the prime factors of v?
3
Let a(s) = s**2 - 4*s + 5. Let i be a(8). Let d = 9 + i. Let w = -33 + d. What are the prime factors of w?
13
Let b = -18 - -4. What are the prime factors of (21/6)/((-1)/b)?
7
Suppose 3*c - 2*v - 8 = 5*c, -3*c - 15 = 2*v. Let w = c + 19. List the prime factors of w.
2, 3
Let o(k) = -k**2 - 8*k + 13. Let u be o(-9). Suppose 0 = -u*i + 61 + 59. Let l = i + -12. What are the prime factors of l?
2, 3
Let r(i) = 3*i**2 + i. Suppose 2*o + p + 5 = 2*p, -2*p = -3*o - 8. Let g = 1 + o. List the prime factors of r(g).
2
Let n(d) = -9*d**2 - 3*d + 1. Let l be n(4). List the prime factors of (-2)/6 - l/15.
2, 5
Let h(k) = k**3 - 10*k**2 + 5. Let q be h(10). Suppose -3*w = q*l - 2*w - 67, 0 = -2*w + 4. List the prime factors of l.
13
Let q(w) = 9*w**2 + 2*w**3 + 2 - 3*w**3 + 9 - w. What are the prime factors of q(9)?
2
Let c(q) = -6*q + 6*q + 4*q**2. Let f be c(-1). Suppose -f*z = -6*z + 32. What are the prime factors of z?
2
Let c = -93 + 140. Suppose -3*v = -3, -5*b + c = -4*v - 14. Suppose -m + 17 = -3*z, -z + 2*z + b = m. What are the prime factors of m?
11
Suppose -9 - 13 = 2*m. Let g be (-2 - m)/((-6)/4). Let p(q) = -q - 2. What are the prime factors of p(g)?
2
Let f = -55 + 101. List the prime factors of f.
2, 23
Let n = 112 - 41. What are the prime factors of n?
71
Let i be (1/(-3))/((-6)/54). Suppose -26 + 115 = 4*p + 3*y, 53 = i*p + 5*y. List the prime factors of p.
2, 13
Let p be (-4)/6*18/(-4). List the prime factors of (-2)/p + 38/3.
2, 3
Let w(x) = 1. Let c(r) = -r + 2. Let u(z) = -c(z) + 2*w(z). Let k be u(4). Suppose 0 = -k*o - 3*l + 28, 0*o - 5*l = -2*o - 12. What are the prime factors of o?
2
Suppose 0*u - 3*u = -147. What are the prime factors of u?
7
Suppose 0 = 4*x - 5*y - 10, -19 = -5*x + y + 2*y. Let g(q) = 3*q**2 + q**2 + 2 - 3*q**2 - 5*q. What are the prime factors of g(x)?
2
Let c be (-4)/(-1*3/15). Suppose -l + 4*f = -0*l - 32, 0 = -4*f - c. What are the prime factors of l?
2, 3
Suppose q = 2 + 2. Suppose -3*g - 29 = -4*c - 8*g, -q*c - 2*g + 14 = 0. Let u = c + 2. List the prime factors of u.
3
What are the prime factors of (81 + 3)*(1 - -2)?
2, 3, 7
Let y(u) = 0 + 7*u - 6*u - 5 + 1. List the prime factors of y(6).
2
Suppose 0 = s + s - 146. What are the prime factors of s?
73
Let a = -400 - -618. What are the prime factors of a?
2, 109
Let j = 34 + 26. What are the prime factors of j?
2, 3, 5
Suppose -3*h + 15 = -0. Let l be 10/(-25) + 32/h. Suppose 0*a - l = -a. List the prime factors of a.
2, 3
Let a(t) = t**3 + 11*t**2 + 8*t - 2. List the prime factors of a(-10).
2, 3
Let a(n) = n**2 + 7*n - 6. What are the prime factors of a(6)?
2, 3
Let a = 10 + 1. Let x = a + -8. Suppose -x*z - 2*d = -3 - 6, 2*z = d + 13. What are the prime factors of z?
5
Let r = -3 + 5. Suppose -r*d + a - 12 = 5*a, 15 = 3*d - 5*a. Suppose 5*y - 30 = 5*c, 2*y = -d*y - 3*c + 17. What are the prime factors of y?
7
Let l = -3 - -38. List the prime factors of l.
5, 7
Suppose p = -3*p. Suppose 30 = 2*x + 5*w, p = x - 2*w - 3 - 3. What are the prime factors of x?
2, 5
Suppose -d - 4 = -8. Suppose 0 = d*j - j - 24. List the prime factors of j.
2
Let i be 4/(-6) - (-40)/(-3). Let o = i - -4. Let r = -6 - o. List the prime factors of r.
2
Let j(d) be the third derivative of -d**6/120 + d**5/20 + d**4/24 + d**3/6 + 6*d**2. Suppose 0 = z - 1 - 2. What are the prime factors of j(z)?
2
Let h = 6 + -4. Suppose -h*z = -0*z - 4. Suppose z*u = -4, -14 = -4*y - 0*u + u. List the prime factors of y.
3
Suppose 5*u = -d + 1979, 5*u - 6*d = -3*d + 1983. What are the prime factors of u?
2, 3, 11
Let b(c) = -12*c + 1. Let s(n) = n - 2. Let g be s(0). List the prime factors of b(g).
5
Suppose 0 = t - 2*t - 6. Let s = t + 7. What are the prime factors of (-22)/(s - 3) - 2?
3
List the prime factors of 4/(-22) + (-1812)/(-44).
41
Let l be ((-42)/9)/((-6)/9). Let j = -2 + l. Suppose r - 4*k = -1, -j*k + 26 = -2*r + 3*r. List the prime factors of r.
11
Let y(o) = o**3 + 4*o**2 - 4*o - 4. Let p be ((0 - 2) + 5)/(-1). Let a be y(p). Suppose 0 = -2*z + 3 + a. What are the prime factors of z?
2, 5
Suppose g = 2*g + 6. Let x = g - -8. Suppose -w + x = -5. List the prime factors of w.
7
Let o(c) = 2*c**2 + 3 - c**2 - 4*c**2 + 9*c + 4*c**2. What are the prime factors of o(-12)?
3, 13
Suppose i = -5*t + 2*i + 1337, -t = 3*i - 277. List the prime factors of t.
2, 67
Let x be (-11 + (2 - 0))/(-1). Let g be (x/(-6))/(3/(-8)). Suppose 15 = 3*m + 4*v, g*m - 2*v = 3*v + 51. List the prime factors of m.
3
Suppose 0 = 2*m - 10. Suppose 5 + 15 = 4*q. Suppose b - 3*b - 70 = -5*t, -m*t = -q*b - 70. What are the prime factors of t?
2, 7
Suppose 5*j + 159 = 3*s, -5*j - 2*s = -0*s + 169. Let l = j + 48. List the prime factors of l.
3, 5
Suppose 3*q = -5*y - 65, 2*q + 18 = -0*y + 3*y. List the prime factors of ((-2)/3)/(2/q).
5
Let j be ((-12)/5)/((-9)/120). Suppose j = 7*t - 3*t. List the prime factors of 8/(-3)*(-30)/t.
2, 5
Let u = 9 + 2. Suppose -a = -u + 5. List the prime factors of a.
2, 3
Suppose -2*m = -3*m - q + 5, -3*m + 10 = 2*q. Let k(v) = v**2 - v + 14. Let b be k(m). Suppose -b + 58 = 4*a. List the prime factors of a.
11
Let q(n) = 10*n**2 - 14*n - 47. What are the prime factors of q(-5)?
3, 7, 13
Let x = -3 - -6. Suppose -x*d = -2*d - 16. What are the prime factors of d?
2
Let q be 1532/8 - (-2)/4. What are the prime factors of ((-1)/(-3))/(16/q)?
2
Let l(c) = -c**3 + 5*c**2 - c + 4. Let p be l(5). Let o be 30/(-4) - p/(-2). Let k(w) = -w. List the prime factors of k(o).
2
Let x(g) = -19 - 5*g + 6*g + 2*g + 5. List the prime factors of x(10).
2
Suppose 0 = -2*k - 3*v - 0*v + 33, -61 = -4*k - v. Let n = k - 9. List the prime factors of n.
2, 3
Let g(q) = -3*q**2 + 4 + 5*q**2 - 3*q**2 + q + q**3. Let m = -5 - -5. What are the prime factors of g(m)?
2
Let d(s) = 2*s**2 - 12*s + 5. Let l be d(8). Let o = l - 0. What are the prime factors of o?
37
Let l be (-4)/3 + 1/3. Let q be l + (-1)/(-1) + -3. List the prime factors of (-4)/6 - 14/q.
2
Let f(v) = v**2 + 8. Let o be f(-6). Let a = o - 25. What are the prime factors of a?
19
What are the prime factors of 24/(-56) - (-286)/14?
2, 5
Suppose 0 = -5*o + 3*q + 744, -q = 2*o - 2*q - 298. What are the prime factors of o?
2, 3, 5
Let d = 115 + -68. List the prime factors of d.
47
Suppose -5*q = -10*q + 20. List the prime factors of (52/(-6))/(q/(-6)).
13
Let i = -31 + 58. Let d = i + -16. What are the prime factors of d?
11
Let j(d) = -d**3 - d + 187. What are the prime factors of j(0)?
11, 17
Let y(k) = 25*k - 8. List the prime factors of y(4).
2, 23
Let r(y) = y**3 + 6*y**2 + 6. Let a be r(-6). Let i = a + 0. What are the prime factors of i?
2, 3
Let j = 18 - 11. Let s(q) = -q**3 + 7*q**2 + 6*q - 2. List the prime factors of s(j).
2, 5
Suppose -4*l = 3*y - 1057, 5 = 4*y + 9. What are the prime factors of l?
5, 53
Let q(v) = -v**3 - 4*v**2 + 3*v - 6. Let f be q(-5). Suppose y - 2*y = -f. Suppose y*p - 12 = -5*m, -3*p + 5 = -4*m - 4. List the prime factors of p.
3
Let o(q) be the second derivative of -q**5/20 - q**4 - q**3/3 - 8*q**2 - 4*q. What are the prime factors of o(-12)?
2
Let z(v) = -9*v - 5. Let g(x) = -2*x - 1. Let c(j) = 11*g(j) - 2*z(j). Let q be c(-2). What are the prime factors of 3*(q/3 + -1)?
2
Let w(l) be the first derivative of -3*l + 1/4*l**4 + 2 + 0*l**3 - 3/2*l**2. List the prime factors of w(3).
3, 5
Suppose -27 = 2*v - 307. Suppose -v + 8 = -4*o. List the prime factors of o.
3, 11
Let l be 1/3 - (-4)/6. Let w = 10 + l. List the prime factors